ulate the greatest common factor of 89 and 3471.
89
Calculate the greatest common factor of 416 and 16432.
208
Calculate the greatest common factor of 5096 and 312.
104
What is the greatest common divisor of 102 and 2482?
34
What is the greatest common divisor of 66 and 495?
33
Calculate the highest common factor of 36 and 396.
36
What is the greatest common factor of 33644 and 26?
26
Calculate the greatest common factor of 7602 and 273.
21
What is the greatest common divisor of 11178 and 1?
1
What is the greatest common divisor of 5100 and 120?
60
What is the highest common divisor of 285 and 2679?
57
Calculate the highest common divisor of 9 and 657.
9
What is the highest common factor of 60 and 4400?
20
What is the highest common divisor of 2185 and 247?
19
Calculate the greatest common divisor of 1794 and 65.
13
Calculate the highest common factor of 5907 and 895.
179
What is the greatest common divisor of 117 and 63?
9
What is the highest common factor of 135 and 27?
27
What is the greatest common factor of 17900 and 200?
100
Calculate the highest common factor of 1807 and 417.
139
Calculate the greatest common divisor of 3580 and 180.
20
What is the greatest common divisor of 47 and 188?
47
Calculate the greatest common factor of 272 and 2074.
34
What is the greatest common factor of 1883 and 7?
7
Calculate the greatest common divisor of 8 and 152.
8
Calculate the greatest common factor of 5 and 545.
5
Calculate the greatest common divisor of 60 and 30.
30
What is the highest common factor of 60 and 192?
12
Calculate the greatest common factor of 1927 and 246.
41
What is the highest common divisor of 330 and 759?
33
Calculate the greatest common factor of 15 and 1715.
5
Calculate the highest common factor of 27 and 618.
3
What is the highest common factor of 113 and 8249?
113
Calculate the greatest common divisor of 180 and 84.
12
What is the highest common divisor of 528 and 10956?
132
Calculate the highest common divisor of 351 and 27.
27
Calculate the greatest common factor of 2 and 31.
1
Calculate the highest common divisor of 41 and 82.
41
What is the greatest common divisor of 27 and 12339?
27
Calculate the highest common factor of 3266 and 23.
23
Calculate the highest common factor of 615 and 111.
3
What is the greatest common divisor of 72 and 96?
24
Calculate the highest common factor of 29 and 16.
1
What is the highest common divisor of 40 and 176?
8
What is the greatest common factor of 296 and 424?
8
Calculate the greatest common factor of 31 and 124.
31
What is the highest common factor of 682 and 62?
62
What is the highest common factor of 175 and 7?
7
Calculate the greatest common divisor of 140 and 1120.
140
Calculate the highest common factor of 10660 and 41.
41
What is the greatest common divisor of 39349 and 109?
109
Calculate the highest common divisor of 65 and 2665.
65
Calculate the highest common factor of 77 and 84.
7
What is the greatest common factor of 140 and 20?
20
What is the highest common factor of 408 and 168?
24
Calculate the highest common divisor of 3360 and 175.
35
What is the highest common factor of 536 and 603?
67
What is the greatest common divisor of 2432 and 1520?
304
Calculate the greatest common divisor of 129 and 5762.
43
What is the greatest common factor of 5196 and 48?
12
What is the highest common factor of 2732 and 8?
4
What is the highest common divisor of 224 and 21392?
112
What is the greatest common divisor of 13 and 637?
13
Calculate the greatest common divisor of 153 and 1887.
51
What is the highest common divisor of 2 and 215?
1
What is the greatest common divisor of 66 and 594?
66
What is the greatest common divisor of 39 and 130?
13
What is the highest common factor of 961 and 31?
31
Calculate the greatest common factor of 927 and 18.
9
Calculate the highest common divisor of 90 and 8820.
90
What is the highest common divisor of 1885 and 5365?
145
What is the greatest common factor of 18 and 23004?
18
What is the greatest common factor of 850 and 340?
170
Calculate the highest common factor of 159 and 53.
53
What is the greatest common divisor of 6651 and 9?
9
What is the highest common factor of 1044 and 1188?
36
What is the highest common factor of 2301 and 39?
39
Calculate the greatest common factor of 14 and 1604.
2
What is the highest common factor of 1650 and 561?
33
What is the greatest common divisor of 4444 and 505?
101
What is the highest common divisor of 170 and 30?
10
Calculate the highest common factor of 243 and 783.
27
Calculate the highest common divisor of 30 and 345.
15
Calculate the highest common factor of 1044 and 580.
116
Calculate the highest common divisor of 744 and 56.
8
Calculate the greatest common divisor of 4 and 648.
4
Calculate the highest common factor of 120 and 1352.
8
Calculate the greatest common factor of 138 and 690.
138
Calculate the highest common factor of 7 and 58009.
7
What is the highest common factor of 27257 and 194?
97
What is the highest common divisor of 935 and 99?
11
What is the greatest common factor of 6 and 138?
6
What is the highest common factor of 114 and 608?
38
Calculate the greatest common factor of 2758 and 14.
14
Calculate the greatest common divisor of 189 and 3843.
63
What is the greatest common factor of 297 and 4653?
99
Calculate the greatest common divisor of 581 and 7.
7
What is the greatest common divisor of 225 and 475?
25
What is the greatest common factor of 2414 and 284?
142
Calculate the highest common factor of 2108 and 372.
124
Calculate the greatest common factor of 234 and 208.
26
What is the greatest common factor of 170 and 34?
34
What is the highest common factor of 27 and 1890?
27
Calculate the highest common divisor of 24 and 1128.
24
What is the highest common factor of 42 and 336?
42
What is the highest common factor of 976 and 944?
16
Calculate the highest common divisor of 253 and 391.
23
Calculate the greatest common divisor of 6 and 1446.
6
What is the highest common divisor of 6 and 1014?
6
What is the greatest common divisor of 135 and 6135?
15
Calculate the greatest common divisor of 264 and 192.
24
What is the greatest common factor of 169 and 39?
13
Calculate the greatest common factor of 39 and 267.
3
Calculate the highest common factor of 101 and 11009.
101
Calculate the greatest common divisor of 72 and 192.
24
Calculate the highest common factor of 132 and 240.
12
What is the greatest common factor of 378 and 588?
42
Calculate the highest common divisor of 140 and 1890.
70
Calculate the highest common divisor of 40 and 6.
2
What is the greatest common divisor of 81 and 432?
27
Calculate the highest common divisor of 624 and 3796.
52
Calculate the highest common factor of 462 and 14.
14
What is the highest common factor of 68 and 4522?
34
Calculate the greatest common divisor of 216 and 2736.
72
Calculate the highest common factor of 10650 and 1278.
426
Calculate the greatest common divisor of 38 and 418.
38
What is the highest common factor of 140 and 28?
28
What is the highest common factor of 3000 and 24?
24
Calculate the greatest common factor of 19 and 589.
19
Calculate the highest common divisor of 4 and 138.
2
What is the greatest common factor of 1727 and 471?
157
What is the greatest common divisor of 6554 and 226?
226
What is the highest common factor of 2499 and 483?
21
Calculate the greatest common factor of 7676 and 304.
76
What is the highest common divisor of 242 and 1870?
22
Calculate the greatest common divisor of 312 and 117.
39
What is the highest common factor of 81 and 171?
9
What is the highest common factor of 1603 and 8244?
229
Calculate the greatest common divisor of 90 and 20.
10
What is the highest common divisor of 184 and 69?
23
What is the highest common factor of 51 and 68?
17
What is the greatest common factor of 86 and 473?
43
What is the highest common divisor of 1911 and 78?
39
What is the highest common factor of 50 and 2?
2
What is the greatest common divisor of 374 and 68?
34
What is the highest common divisor of 16 and 112?
16
What is the highest common divisor of 26 and 39?
13
Calculate the highest common factor of 890 and 30.
10
What is the greatest common factor of 564 and 8?
4
What is the highest common divisor of 447 and 195?
3
What 